 by 13.
12
Calculate the remainder when 1218 is divided by 405.
3
What is the remainder when 545 is divided by 53?
15
What is the remainder when 166 is divided by 7?
5
What is the remainder when 329 is divided by 34?
23
What is the remainder when 879 is divided by 22?
21
Calculate the remainder when 189 is divided by 10.
9
Calculate the remainder when 85 is divided by 29.
27
Calculate the remainder when 550 is divided by 152.
94
What is the remainder when 230 is divided by 129?
101
What is the remainder when 430 is divided by 110?
100
Calculate the remainder when 309 is divided by 99.
12
Calculate the remainder when 479 is divided by 6.
5
Calculate the remainder when 88 is divided by 18.
16
Calculate the remainder when 1672 is divided by 186.
184
Calculate the remainder when 963 is divided by 80.
3
Calculate the remainder when 14806 is divided by 59.
56
Calculate the remainder when 3059 is divided by 34.
33
What is the remainder when 1032 is divided by 45?
42
What is the remainder when 180 is divided by 84?
12
Calculate the remainder when 588 is divided by 61.
39
What is the remainder when 294 is divided by 75?
69
Calculate the remainder when 178 is divided by 12.
10
What is the remainder when 371 is divided by 11?
8
Calculate the remainder when 212 is divided by 41.
7
What is the remainder when 654 is divided by 195?
69
What is the remainder when 291 is divided by 68?
19
What is the remainder when 716 is divided by 16?
12
Calculate the remainder when 158 is divided by 53.
52
What is the remainder when 109 is divided by 29?
22
Calculate the remainder when 379 is divided by 19.
18
Calculate the remainder when 8007 is divided by 28.
27
Calculate the remainder when 170 is divided by 4.
2
What is the remainder when 1018 is divided by 13?
4
Calculate the remainder when 402 is divided by 93.
30
What is the remainder when 65 is divided by 32?
1
Calculate the remainder when 1776 is divided by 36.
12
Calculate the remainder when 67 is divided by 30.
7
What is the remainder when 65 is divided by 6?
5
Calculate the remainder when 1747 is divided by 1738.
9
Calculate the remainder when 2540 is divided by 121.
120
Calculate the remainder when 716 is divided by 21.
2
What is the remainder when 922 is divided by 151?
16
Calculate the remainder when 258 is divided by 65.
63
Calculate the remainder when 1268 is divided by 127.
125
Calculate the remainder when 769 is divided by 260.
249
What is the remainder when 1709 is divided by 44?
37
Calculate the remainder when 92 is divided by 24.
20
Calculate the remainder when 376 is divided by 95.
91
Calculate the remainder when 64 is divided by 14.
8
What is the remainder when 187 is divided by 5?
2
Calculate the remainder when 3884 is divided by 18.
14
Calculate the remainder when 135 is divided by 32.
7
Calculate the remainder when 45 is divided by 45.
0
Calculate the remainder when 601 is divided by 29.
21
Calculate the remainder when 1387 is divided by 454.
25
What is the remainder when 225 is divided by 44?
5
Calculate the remainder when 16 is divided by 13.
3
What is the remainder when 823 is divided by 33?
31
What is the remainder when 33 is divided by 11?
0
Calculate the remainder when 203 is divided by 24.
11
What is the remainder when 978 is divided by 70?
68
Calculate the remainder when 174 is divided by 21.
6
What is the remainder when 326 is divided by 29?
7
Calculate the remainder when 199 is divided by 190.
9
Calculate the remainder when 4193 is divided by 1047.
5
What is the remainder when 1471 is divided by 59?
55
Calculate the remainder when 521 is divided by 164.
29
Calculate the remainder when 38011 is divided by 68.
67
What is the remainder when 1284 is divided by 107?
0
Calculate the remainder when 209 is divided by 104.
1
What is the remainder when 62 is divided by 11?
7
Calculate the remainder when 178 is divided by 35.
3
Calculate the remainder when 1495 is divided by 149.
5
What is the remainder when 103 is divided by 13?
12
What is the remainder when 519 is divided by 172?
3
What is the remainder when 158 is divided by 10?
8
Calculate the remainder when 5359 is divided by 5.
4
Calculate the remainder when 36 is divided by 8.
4
What is the remainder when 59 is divided by 12?
11
What is the remainder when 112 is divided by 48?
16
Calculate the remainder when 778 is divided by 98.
92
What is the remainder when 73 is divided by 43?
30
What is the remainder when 1576 is divided by 6?
4
What is the remainder when 183 is divided by 61?
0
Calculate the remainder when 4359 is divided by 109.
108
What is the remainder when 49 is divided by 37?
12
Calculate the remainder when 27 is divided by 7.
6
Calculate the remainder when 29 is divided by 9.
2
What is the remainder when 64 is divided by 13?
12
Calculate the remainder when 599 is divided by 205.
189
Calculate the remainder when 864 is divided by 29.
23
Calculate the remainder when 21 is divided by 12.
9
Calculate the remainder when 69 is divided by 18.
15
What is the remainder when 581 is divided by 27?
14
What is the remainder when 40 is divided by 20?
0
What is the remainder when 915 is divided by 156?
135
What is the remainder when 20092 is divided by 17?
15
What is the remainder when 100 is divided by 17?
15
Calculate the remainder when 344 is divided by 75.
44
Calculate the remainder when 480 is divided by 28.
4
Calculate the remainder when 297 is divided by 290.
7
What is the remainder when 740 is divided by 208?
116
What is the remainder when 1892 is divided by 12?
8
Calculate the remainder when 107 is divided by 9.
8
Calculate the remainder when 5469 is divided by 148.
141
What is the remainder when 2547 is divided by 22?
17
What is the remainder when 164 is divided by 46?
26
What is the remainder when 6226 is divided by 12?
10
Calculate the remainder when 37751 is divided by 104.
103
Calculate the remainder when 223 is divided by 179.
44
What is the remainder when 51 is divided by 14?
9
Calculate the remainder when 189 is divided by 38.
37
What is the remainder when 533 is divided by 59?
2
What is the remainder when 826 is divided by 219?
169
Calculate the remainder when 206 is divided by 33.
8
Calculate the remainder when 2160 is divided by 719.
3
What is the remainder when 405 is divided by 50?
5
Calculate the remainder when 173 is divided by 57.
2
What is the remainder when 358 is divided by 60?
58
Calculate the remainder when 549 is divided by 110.
109
What is the remainder when 18 is divided by 7?
4
What is the remainder when 84 is divided by 5?
4
Calculate the remainder when 382 is divided by 16.
14
What is the remainder when 2119 is divided by 20?
19
Calculate the remainder when 198 is divided by 107.
91
What is the remainder when 117 is divided by 12?
9
Calculate the remainder when 3319 is divided by 8.
7
What is the remainder when 40 is divided by 11?
7
Calculate the remainder when 272 is divided by 80.
32
Calculate the remainder when 710 is divided by 47.
5
Calculate the remainder when 274 is divided by 90.
4
Calculate the remainder when 839 is divided by 42.
41
What is the remainder when 85 is divided by 19?
9
What is the remainder when 5427 is divided by 59?
58
What is the remainder when 226 is divided by 22?
6
Calculate the remainder when 287 is divided by 29.
26
What is the remainder when 28 is divided by 3?
1
Calculate the remainder when 506 is divided by 51.
47
What is the remainder when 202 is divided by 14?
6
Calculate the remainder when 3470 is divided by 8.
6
Calculate the remainder when 1053 is divided by 8.
5
Calculate the remainder when 2875 is divided by 9.
4
Calculate the remainder when 2576 is divided by 21.
14
What is the remainder when 2128 is divided by 52?
48
Calculate the remainder when 2280 is divided by 1140.
0
Calculate the remainder when 725 is divided by 39.
23
Calculate the remainder when 4059 is divided by 14.
13
Calculate the remainder when 364 is divided by 13.
0
Calculate the remainder when 371 is divided by 179.
13
Calculate the remainder when 362 is divided by 125.
112
What is the remainder when 157 is divided by 7?
3
Calculate the remainder when 920 is divided by 67.
49
What is the remainder when 4884 is divided by 9?
6
Calculate the remainder when 3578 is divided by 1187.
17
What is the rem